s digit of 339338?
8
What is the units digit of 78062?
2
What is the ten thousands digit of 589074?
8
What is the units digit of 105355?
5
What is the units digit of 28061?
1
What is the thousands digit of 4411447?
1
What is the units digit of 1470206?
6
What is the units digit of 558225?
5
What is the ten thousands digit of 35321014?
2
What is the tens digit of 254319?
1
What is the hundreds digit of 1248044?
0
What is the ten thousands digit of 5117371?
1
What is the units digit of 762396?
6
What is the ten millions digit of 20879128?
2
What is the units digit of 144220?
0
What is the units digit of 862633?
3
What is the hundreds digit of 347410?
4
What is the hundred thousands digit of 1912336?
9
What is the tens digit of 310017?
1
What is the ten thousands digit of 654427?
5
What is the hundred thousands digit of 617514?
6
What is the millions digit of 1511555?
1
What is the units digit of 631093?
3
What is the units digit of 4174273?
3
What is the thousands digit of 1012126?
2
What is the ten millions digit of 10578671?
1
What is the ten thousands digit of 25964629?
6
What is the ten millions digit of 36479711?
3
What is the ten thousands digit of 38351?
3
What is the thousands digit of 744775?
4
What is the units digit of 1041444?
4
What is the hundred thousands digit of 2115200?
1
What is the tens digit of 115779?
7
What is the units digit of 1955935?
5
What is the millions digit of 12483573?
2
What is the hundred thousands digit of 1038688?
0
What is the tens digit of 4536170?
7
What is the units digit of 682735?
5
What is the hundred thousands digit of 17211652?
2
What is the units digit of 25798243?
3
What is the units digit of 156578?
8
What is the units digit of 9389390?
0
What is the tens digit of 27355389?
8
What is the units digit of 170449?
9
What is the units digit of 670200?
0
What is the millions digit of 2177704?
2
What is the thousands digit of 3062106?
2
What is the hundred thousands digit of 210060?
2
What is the tens digit of 93917?
1
What is the hundreds digit of 19738764?
7
What is the hundred thousands digit of 428706?
4
What is the millions digit of 9535599?
9
What is the tens digit of 410415?
1
What is the thousands digit of 13298883?
8
What is the hundred thousands digit of 125418?
1
What is the hundreds digit of 391914?
9
What is the ten thousands digit of 371151?
7
What is the ten thousands digit of 12760370?
6
What is the ten thousands digit of 2697042?
9
What is the hundred thousands digit of 1333684?
3
What is the hundreds digit of 5048811?
8
What is the hundred thousands digit of 480445?
4
What is the units digit of 526373?
3
What is the thousands digit of 149302?
9
What is the units digit of 731287?
7
What is the hundreds digit of 59977?
9
What is the thousands digit of 288518?
8
What is the units digit of 3768065?
5
What is the hundreds digit of 1583806?
8
What is the hundreds digit of 446404?
4
What is the tens digit of 2538632?
3
What is the ten millions digit of 21630771?
2
What is the ten thousands digit of 2178571?
7
What is the thousands digit of 493437?
3
What is the ten thousands digit of 84604?
8
What is the hundred thousands digit of 14196818?
1
What is the thousands digit of 2017157?
7
What is the hundreds digit of 286080?
0
What is the ten millions digit of 10054832?
1
What is the tens digit of 9319?
1
What is the hundreds digit of 8720174?
1
What is the hundreds digit of 75399?
3
What is the ten thousands digit of 25357?
2
What is the units digit of 5254772?
2
What is the millions digit of 1015443?
1
What is the thousands digit of 510233?
0
What is the units digit of 619917?
7
What is the tens digit of 6454?
5
What is the units digit of 5821660?
0
What is the ten thousands digit of 338462?
3
What is the thousands digit of 835839?
5
What is the hundred thousands digit of 1636347?
6
What is the units digit of 4759679?
9
What is the millions digit of 8008253?
8
What is the hundreds digit of 689942?
9
What is the tens digit of 5761053?
5
What is the thousands digit of 435144?
5
What is the tens digit of 286329?
2
What is the tens digit of 547721?
2
What is the tens digit of 148565?
6
What is the tens digit of 665792?
9
What is the millions digit of 1698665?
1
What is the thousands digit of 114646?
4
What is the hundred thousands digit of 19207371?
2
What is the units digit of 96543?
3
What is the tens digit of 1119667?
6
What is the millions digit of 18718963?
8
What is the ten thousands digit of 6715488?
1
What is the hundreds digit of 92842?
8
What is the hundred thousands digit of 5422780?
4
What is the tens digit of 475502?
0
What is the hundred thousands digit of 28722257?
7
What is the units digit of 11610?
0
What is the hundred thousands digit of 896957?
8
What is the hundreds digit of 1327469?
4
What is the ten thousands digit of 997248?
9
What is the hundred thousands digit of 218693?
2
What is the hundreds digit of 33677?
6
What is the tens digit of 1995888?
8
What is the thousands digit of 4742?
4
What is the hundreds digit of 5461297?
2
What is the tens digit of 520237?
3
What is the units digit of 322129?
9
What is the hundred thousands digit of 377727?
3
What is the ten thousands digit of 119298?
1
What is the ten thousands digit of 270331?
7
What is the hundreds digit of 733863?
8
What is the hundreds digit of 1646412?
4
What is the hundred thousands digit of 1051011?
0
What is the units digit of 17052822?
2
What is the thousands digit of 547863?
7
What is the thousands digit of 1944440?
4
What is the hundreds digit of 325656?
6
What is the tens digit of 10591180?
8
What is the ten thousands digit of 1933916?
3
What is the millions digit of 4041680?
4
What is the hundred thousands digit of 9806346?
8
What is the thousands digit of 12468644?
8
What is the hundreds digit of 24946?
9
What is the ten thousands digit of 950251?
5
What is the hundred thousands digit of 190618?
1
What is the thousands digit of 42753682?
3
What is the units digit of 772315?
5
What is the thousands digit of 1081678?
1
What is the millions digit of 10586383?
0
What is the millions digit of 5322544?
5
What is the thousands digit of 957020?
7
What is the thousands digit of 32496?
2
What is the ten thousands digit of 933727?
3
What is the tens digit of 11065581?
8
What is the hundreds digit of 66365?
3
What is the ten millions digit of 25348907?
2
What is the ten thousands digit of 2386081?
8
What is the tens digit of 181356?
5
What is the thousands digit of 910156?
0
What is the tens digit of 4071711?
1
What is the units digit of 1558631?
1
What is the ten thousands digit of 864337?
6
What is the millions digit of 1693867?
1
What is the units digit of 11828651?
1
What is the units digit of 1822119?
9
What is the thousands digit of 378818?
8
What is the ten thousands digit of 3387367?
8
What is the units digit of 1241461?
1
What is the hundred thousands digit of 233071?
2
What is the millions digit of 4738346?
4
What is the hundreds digit of 35093?
0
What is the hundred thousands digit of 1546295?
5
What is the millions digit of 4451777?
4
What is the tens digit of 136600?
0
What is the tens digit of 450351?
5
What is the hundreds digit of 1137507?
5
What is the units digit of 89399?
9
What is the ten thousands digit of 19653438?
5
What is the ten thousands digit of 506855?
0
What is the hundreds digit of 23040415?
4
What is the tens digit of 3145768?
6
What is the ten thousands digit of 932087?
3
What is the thousands digit of 1961279?
1
What is the ten thousands digit of 1338990?
3
What is the units digit of 2800755?
5
What is the ten thousands digit of 344021?
4
What is the hundred thousands digit of 189032?
1
What is the tens digit of 1537015?
1
What is the ten thousands digit of 461533?
6
What is the ten thousands digit of 1722927?
2
What is the millions digit of 11120712?
1
What is the millions digit of 1525555?
1
What is the units digit of 117088?
8
What is the tens digit of 713220?
2
What is the hundreds digit of 19747260?
2
What is the hundred thousands digit of 16306481?
3
What is the millions digit of 7210615?
7
What is the ten thousands digit of 692123?
9
What is the tens digit of 169469?
6
What is the hundreds digit of 15351928?
9
What is the hundred thousands digit of 9138641?
1
What is the hu